592347 = 26*k. What is the tens digit of k?
0
Suppose 0 = -k - 25 + 1398. Let h = k - 813. What is the hundreds digit of h?
5
Let r = 14268 + -3204. What is the thousands digit of r?
1
Suppose -2*a - 2 = -4*d + 6*d, 25 = 3*a - 4*d. Suppose -a*i - 146 = 4*l - 12, -4*l = -4. Let u = i - -79. What is the units digit of u?
3
Suppose -2835112 = -24*n - 53*n + 52619. What is the tens digit of n?
0
Let u be (2/2 + 100)*1. Let t = u - 89. Let k(x) = -x**2 + 13*x + 3. What is the units digit of k(t)?
5
Suppose 0 = -5*a - 3*b + 1740, -9*a - b = -4*a - 1750. Suppose 7*t - 1457 = -a. Let s = t - 57. What is the tens digit of s?
0
Let g = 78413 - 36832. What is the tens digit of g?
8
Let p(g) = -g**2 + 9*g - 10. Let t be p(7). Suppose 2*i = -t*i + 18. Suppose 3*y = 2*w - 2, w - i*w + 14 = 3*y. What is the units digit of w?
4
Suppose 2*t - 2*n = 11031 - 1459, 5*n = -5. What is the hundreds digit of t?
7
Let l(h) = -h**3 - 3*h**2 + 8*h + 16. Suppose 3*i + y + 4*y - 5 = 0, 3*i + 3 = -3*y. Let f be l(i). Let w = -1 + f. What is the units digit of w?
5
What is the thousands digit of ((-3328670)/6350)/((-2)/130)?
4
Let k = 17310 - 8782. What is the thousands digit of k?
8
Suppose -4*q + 2*q = a - 22, 0 = 2*a + 2*q - 38. Suppose 3*c - 5*c = -a. Let o(l) = l**2 + 13*l - 19. What is the units digit of o(c)?
9
What is the hundreds digit of 15 - (3 - (2 + 4587))?
6
Let y = -21828 - -22967. What is the thousands digit of y?
1
Let y be (-2)/(5 + -1)*(-30 - 50). Suppose -46*l + 432 = -y*l. What is the units digit of l?
2
Let h = -15294 + 21558. What is the hundreds digit of h?
2
Suppose -1422422 + 4211432 = 126*f. What is the thousands digit of f?
2
Suppose -50*k + 32*k = -54. Suppose -p + 1421 = -k*t, -9*t + 7*t = 4*p - 5740. What is the thousands digit of p?
1
Let u(r) = -r**3 - 10*r**2 - 3*r + 9. Suppose 3*z - 5*z + 31 = k, -4*k = -z + 11. Let l = z - 25. What is the units digit of u(l)?
9
Let m be 3/4*12*1. Suppose 0 = m*s - 7*s. Suppose s = 4*z - 163 - 197. What is the tens digit of z?
9
Suppose -3*q + 2*q + 131 = 0. Suppose 27*a + 31088 = 143*a. Suppose -3*b + 0 - q = -2*o, a = 4*o - 4*b. What is the tens digit of o?
7
Suppose -2*w - 1 + 11 = 3*u, -5*w + 18 = 4*u. Let n be (-2 - -1) + 1561/7. Suppose u*h = 8*h - n. What is the units digit of h?
7
Suppose 0 = -4*y - 6*z + 43209 + 17543, 0 = 5*z. What is the thousands digit of y?
5
Let j be -503 - (-2 + 6 + 5 + -7). Let l = j + 754. What is the tens digit of l?
4
Let u = -42 - -47. Suppose 4*k = u*l + 15, -1 = 4*l + 3*k + 11. Let z = 20 - l. What is the tens digit of z?
2
What is the thousands digit of (-4*15149)/(8/(-28)*7)?
0
Suppose -26 = -2*z - 0. Let g(v) = -222*v**3 + 10 + 108*v**3 + 115*v**3 - 7*v - 12*v**2. What is the units digit of g(z)?
8
Let c be 0 + 6 - (-11 - -98). Let q = 580 + c. What is the units digit of q?
9
Let p = 31 + -19. Suppose 1 = 3*h - 2*r + 5, 5*h - 2*r = -p. Let v = 101 + h. What is the tens digit of v?
9
Let j = -50 + 70. Suppose -5*i = j, 180 = 5*z + 4*i - 244. Let m = -16 + z. What is the units digit of m?
2
Suppose -90 = -3*c - 2*c. Let n be (-3)/c - (-26)/12. Suppose -d + n*d = 18. What is the units digit of d?
8
Suppose -323*d + 11533250 = -2965574. What is the tens digit of d?
8
Let w = -14158 + 23622. What is the units digit of w?
4
Let j = 11180 + -5480. What is the tens digit of j?
0
Let q = -9 - -8. Let w be 163 - (q + (4 - 0)). Suppose 10*u - 5*y = 6*u + 226, w = 3*u + y. What is the tens digit of u?
5
What is the thousands digit of -3*4677/18*(10 - 22)?
9
Suppose 20 = 2*d - 946. Let w be (d/(-6))/((-4)/(-8)). Let v = -7 - w. What is the units digit of v?
4
Let v(r) = 2*r**3 - 26*r**2 + r - 49. Let q = 592 - 577. What is the units digit of v(q)?
6
Let d(s) = 1545*s + 6600. What is the hundreds digit of d(16)?
3
Suppose 2*y + 0 = 3*b + 11, -4*y + 5*b = -19. What is the hundreds digit of 1 + ((-172)/(-1) - y)?
1
Suppose 10*r = 4*r + 12168. Let w = r + -997. What is the units digit of w?
1
Suppose -2*r - 3*o + 2253 = 0, -4*r + 2*o = -3062 - 1436. What is the thousands digit of r?
1
Let p be (809 + 11)/((-2)/(-4)*-1). What is the hundreds digit of (-28)/42 + p/(-12)?
1
Let t(s) = -s**2 - 16*s - 16. Let y = -110 - -177. Suppose -2*l + 5*o = 7, -7*l + 2*l = 4*o + y. What is the tens digit of t(l)?
3
Let l(j) = -87*j**2 - 5*j - 8. Let w(o) = 260*o**2 + 15*o + 23. Let i(n) = 17*l(n) + 6*w(n). Let r = -1958 + 1957. What is the units digit of i(r)?
8
Let r(k) = 5*k**2 + k - 3. Let x be (20/(-25))/(2/(-45)). Let d(g) = g**3 - 18*g**2 + g - 20. Let s be d(x). What is the units digit of r(s)?
5
Suppose -4 - 5 = -4*w - f, 0 = -5*w + 2*f + 8. What is the units digit of w/11 + 1113/66*82?
3
Let n(y) = 14*y**2 - 73*y - 162. What is the ten thousands digit of n(-27)?
1
Let j = -358 - -371. Suppose 5*l - s - 281 = 0, j*l - 15*l + 122 = 2*s. What is the units digit of l?
7
Let d = 142 + 3035. What is the tens digit of d?
7
Let p(b) = 10*b**2 + 65*b - 155. What is the hundreds digit of p(-31)?
4
Let p be 5 + (5 - 6)*-2899. Suppose -p = 9*j - 20*j. What is the tens digit of j?
6
Let j(w) = -53*w + 9. Let d(a) = 106*a - 19. Let g(z) = -2*d(z) - 5*j(z). What is the hundreds digit of g(14)?
7
Suppose -4*p + 12 + 3 = -5*l, -3*p + 12 = -4*l. Let w(v) = v**3 + 2*v**2 + 2*v + 230. What is the units digit of w(p)?
0
Suppose 0 = -3*n + 18, 25*k + 3*n - 18897 = 22*k. What is the hundreds digit of k?
2
Let d(i) = -76*i**2 - 85*i**2 - 79*i**2 + 323*i**2 - 77*i**2 + i + 23. What is the hundreds digit of d(-8)?
3
Let q = 1207 + -378. What is the tens digit of 6 + q + 6/(-1)?
2
Let q be ((-4)/2 - -4)*118/4. Let s = -73 - q. Let t = s - -292. What is the tens digit of t?
6
Suppose -45*s - 64*s + 21*s + 2453000 = 0. What is the thousands digit of s?
7
Suppose 1281093 = -5161*u + 5194*u. What is the ten thousands digit of u?
3
Let l(s) = 35*s**2 - 64*s - 1324. What is the units digit of l(-17)?
9
Let s = -13346 + 33032. What is the thousands digit of s?
9
What is the thousands digit of (-1 + 14*1)*(757 + 264)?
3
Let v be 2 + 5/(-25) + (-48)/10. Let n(x) = 6*x**2 - 23*x + 3. What is the hundreds digit of n(v)?
1
Let w = -16892 + 25542. What is the hundreds digit of w?
6
Let k = -42 - -40. Let q be 192 + (-1)/(3/(-9)) + k. Suppose 0 = 3*g - 3*l - q - 32, -g + 71 = -5*l. What is the tens digit of g?
7
What is the units digit of (1692/30)/(48/3040)?
2
Let x = 3139 + -1880. What is the hundreds digit of x?
2
Let k be (-31160)/(-133) + (-4)/14. Let s = k - 164. Let v = 178 - s. What is the units digit of v?
8
Let g(k) = -365*k - 1050. What is the tens digit of g(-9)?
3
Let u = 8675 + 6290. What is the ten thousands digit of u?
1
Let p(v) = -1279*v**3 + 10*v**2 + 88*v + 279. What is the thousands digit of p(-4)?
1
Suppose 4*i + 5*g = 54601, 246*i - 242*i - 4*g - 54592 = 0. What is the tens digit of i?
4
Suppose 0 = -2*w + y + 3, 3*w - 8 = 4*y + 4. Suppose 12*x - 2*x - 20 = w. What is the tens digit of (x - -7 - 1)*(-56)/(-16)?
2
Suppose 2225 = -3*p + 2*q, -2*p = -9*q + 6*q + 1490. Let d = p + 872. What is the tens digit of d?
3
Suppose -5*h + 2*c - 149 + 2714 = 0, 5*h = 4*c + 2575. Suppose 10*q - h - 4449 = 0. What is the tens digit of q?
9
Suppose -2*c + 1210 = -2*w, -5*w + 7*c = 8*c + 3013. Let t = 1603 + w. What is the thousands digit of t?
1
Let d(g) be the second derivative of g**6/360 - g**5/40 + 10*g**4/3 + 7*g**3/3 + 4*g. Let a(y) be the second derivative of d(y). What is the tens digit of a(0)?
8
Suppose -10 + 73 = 7*j. Let v = j - 6. Suppose 247 = v*p - 173. What is the tens digit of p?
4
Let y be (2 - 3)/((-1)/29). Suppose 0 = -5*b + 21 + y. What is the units digit of b?
0
Suppose 6*s + 2284 = 6*s + 2*s. What is the hundreds digit of s?
1
Let p(k) = 3*k**2 + 17*k - 18. Let n be p(-13). Suppose 0*s + 264 = s + 2*t, -s = 4*t - n. What is the tens digit of s?
6
Let a = -1 + 5. Suppose -a*c + 2*n = 5*n - 13, 0 = 2*c + 5*n - 3. Suppose 4*r = c*z + 220, -4*r + 9 = -2*z - 201. What is the tens digit of r?
5
Let v(u) = -2*u**3 + 21*u**2 + 11*u + 2. Let d be v(11). Suppose d*c - 5*c = -5*i + 1771, 3*i - 4*c - 1067 = 0. What is the units digit of i?
3
Suppose 0 = -2*i - 3*i + 1215. Suppose 3*k = -i + 876. Suppose 5*p - k = -2*l, -p - 3*l + 80 = p. What is the units digit of p?
3
Let a(i) = 8*i - 1 - 46 + 4. Let u be